 prime factors of 195633.
3, 21737
List the prime factors of 1381581.
3, 153509
List the prime factors of 1179524.
2, 131, 2251
What are the prime factors of 559749?
3, 186583
List the prime factors of 424963.
7, 11, 5519
What are the prime factors of 1435557?
3, 151, 3169
List the prime factors of 1451737.
7, 23, 71, 127
What are the prime factors of 100672?
2, 11, 13
List the prime factors of 1439666.
2, 719833
What are the prime factors of 6298773?
3, 13, 161507
List the prime factors of 1817503.
881, 2063
List the prime factors of 7141010.
2, 5, 43, 16607
What are the prime factors of 601184?
2, 18787
List the prime factors of 9549184.
2, 61, 1223
List the prime factors of 907587.
3, 31, 3253
List the prime factors of 916284.
2, 3, 29, 2633
What are the prime factors of 31701873?
3, 7, 215659
List the prime factors of 1970625.
3, 5, 1051
What are the prime factors of 1172881?
17, 68993
What are the prime factors of 127913?
127913
What are the prime factors of 215051?
215051
List the prime factors of 494290.
2, 5, 49429
List the prime factors of 299235.
3, 5, 19949
What are the prime factors of 3128253?
3, 23, 45337
List the prime factors of 268234.
2, 43, 3119
What are the prime factors of 6105338?
2, 3052669
What are the prime factors of 10218861?
3, 1135429
What are the prime factors of 66003?
3, 7, 449
What are the prime factors of 59032?
2, 47, 157
What are the prime factors of 1429212?
2, 3, 119101
List the prime factors of 624701.
7, 11, 19, 61
List the prime factors of 912096.
2, 3, 3167
What are the prime factors of 994082?
2, 497041
What are the prime factors of 12713935?
5, 13, 195599
List the prime factors of 1008154.
2, 7, 107, 673
What are the prime factors of 4543157?
911, 4987
What are the prime factors of 1423285?
5, 284657
What are the prime factors of 318551?
461, 691
List the prime factors of 1660642.
2, 101, 8221
What are the prime factors of 759949?
257, 2957
List the prime factors of 8379424.
2, 31, 8447
What are the prime factors of 594464?
2, 13, 1429
List the prime factors of 1211234.
2, 605617
What are the prime factors of 313258?
2, 11, 29, 491
List the prime factors of 18783269.
18783269
What are the prime factors of 1019423?
1019423
What are the prime factors of 145294?
2, 72647
What are the prime factors of 12032950?
2, 5, 240659
List the prime factors of 3155731.
3155731
What are the prime factors of 1730426?
2, 865213
List the prime factors of 1869421.
311, 6011
List the prime factors of 77544.
2, 3, 359
What are the prime factors of 19337010?
2, 3, 5, 7, 11, 761
What are the prime factors of 2140899?
3, 137, 5209
What are the prime factors of 1720240?
2, 5, 21503
What are the prime factors of 127980?
2, 3, 5, 79
What are the prime factors of 68238?
2, 3, 17, 223
What are the prime factors of 280379?
11, 71, 359
What are the prime factors of 5344708?
2, 1336177
List the prime factors of 17954344.
2, 113, 19861
What are the prime factors of 13987901?
13987901
List the prime factors of 1645993.
71, 97, 239
What are the prime factors of 3032591?
3032591
What are the prime factors of 943710?
2, 3, 5, 83, 379
What are the prime factors of 6233754?
2, 3, 53, 19603
List the prime factors of 2389045.
5, 477809
List the prime factors of 1012667.
23, 44029
List the prime factors of 8671275.
3, 5, 17, 2267
List the prime factors of 2072833.
7, 29, 10211
List the prime factors of 199944.
2, 3, 2777
What are the prime factors of 2439910?
2, 5, 11, 41, 541
What are the prime factors of 563597?
19, 29663
List the prime factors of 4900570.
2, 5, 490057
What are the prime factors of 21860?
2, 5, 1093
List the prime factors of 627376.
2, 113, 347
What are the prime factors of 485331?
3, 7, 11, 191
What are the prime factors of 1058834?
2, 7, 53, 1427
List the prime factors of 6945817.
6945817
What are the prime factors of 4346277?
3, 13, 111443
List the prime factors of 206311.
7, 29473
List the prime factors of 348592.
2, 21787
What are the prime factors of 1156055?
5, 19, 43, 283
What are the prime factors of 1916837?
13, 147449
What are the prime factors of 979063?
979063
List the prime factors of 708088.
2, 61, 1451
List the prime factors of 7340885.
5, 239, 6143
What are the prime factors of 93070?
2, 5, 41, 227
What are the prime factors of 1256217?
3, 418739
List the prime factors of 1778063.
7, 131, 277
List the prime factors of 486869.
486869
What are the prime factors of 5809354?
2, 571, 5087
List the prime factors of 17611616.
2, 11, 50033
What are the prime factors of 24027429?
3, 8009143
List the prime factors of 268421.
73, 3677
What are the prime factors of 463214?
2, 231607
What are the prime factors of 194980?
2, 5, 9749
What are the prime factors of 1508126?
2, 103, 7321
What are the prime factors of 39483?
3, 41, 107
What are the prime factors of 4418096?
2, 17, 37, 439
What are the prime factors of 8961723?
3, 995747
What are the prime factors of 657171?
3, 73019
What are the prime factors of 2740034?
2, 11, 269, 463
What are the prime factors of 123190?
2, 5, 97, 127
What are the prime factors of 4569678?
2, 3, 253871
What are the prime factors of 1895174?
2, 19, 53, 941
What are the prime factors of 920512?
2, 19, 757
List the prime factors of 635084.
2, 158771
What are the prime factors of 6714811?
617, 10883
What are the prime factors of 5403661?
5403661
What are the prime factors of 4941472?
2, 307, 503
What are the prime factors of 10311579?
3, 137, 8363
What are the prime factors of 783985?
5, 156797
What are the prime factors of 660156?
2, 3, 7, 29, 271
What are the prime factors of 2693086?
2, 11, 163, 751
List the prime factors of 467619.
3, 17, 53, 173
What are the prime factors of 772240?
2, 5, 7, 197
What are the prime factors of 949723?
59, 16097
What are the prime factors of 1906260?
2, 3, 5, 31771
List the prime factors of 2815491.
3, 7, 107, 179
What are the prime factors of 2896889?
233, 12433
What are the prime factors of 135134?
2, 67567
List the prime factors of 383449.
11, 3169
List the prime factors of 1416451.
557, 2543
List the prime factors of 219949.
23, 73, 131
List the prime factors of 3001098.
2, 3, 197, 2539
List the prime factors of 2708163.
3, 131, 2297
What are the prime factors of 1411988?
2, 31, 59, 193
List the prime factors of 4867862.
2, 2433931
What are the prime factors of 3949197?
3, 7, 89, 2113
List the prime factors of 4223392.
2, 191, 691
List the prime factors of 189389.
189389
List the prime factors of 5393226.
2, 3, 19, 47309
What are the prime factors of 11139520?
2, 5, 7, 4973
What are the prime factors of 205404?
2, 3, 17117
List the prime factors of 5903463.
3, 1967821
What are the prime factors of 7307101?
29, 251969
What are the prime factors of 2110427?
11, 173, 1109
What are the prime factors of 268396?
2, 17, 3947
List the prime factors of 56706.
2, 3, 13, 727
List the prime factors of 751827.
3, 73, 3433
List the prime factors of 157825.
5, 59, 107
What are the prime factors of 13273990?
2, 5, 23, 57713
What are the prime factors of 827808?
2, 3, 8623
List the prime factors of 75186.
2, 3, 4177
List the prime factors of 10683716.
2, 29, 31, 2971
What are the prime factors of 2282971?
2282971
What are the prime factors of 328144?
2, 20509
What are the prime factors of 413381?
157, 2633
List the prime factors of 30453137.
11, 13, 17, 12527
What are the prime factors of 325666?
2, 11, 113, 131
What are the prime factors of 59377?
59377
What are the prime factors of 280426?
2, 31, 4523
What are the prime factors of 1934103?
3, 644701
List the prime factors of 147812.
2, 7, 5279
What are the prime factors of 160569?
3, 19, 313
What are the prime factors of 485053?
485053
List the prime factors of 955477.
955477
What are the prime factors of 15930706?
2, 11, 724123
List the prime factors of 509497.
467, 1091
What are the prime factors of 260358?
2, 3, 7, 6199
List the prime factors of 2703532.
2, 13, 51991
List the prime factors of 1568661.
3, 522887
List the prime factors of 114175.
5, 4567
What are the prime factors of 4114312?
2, 514289
List the prime factors of 407863.
211, 1933
List the prime factors of 439466.
2, 29, 7577
List the prime factors of 705529.
11, 31, 2069
List the prime factors of 1576892.
2, 394223
List the prime factors of 131120